se 10, what is 2 - -6823405?
6823407
In base 3, what is -120 - -12020121121000?
12020121120110
In base 5, what is -43212 + 1314403?
1221141
In base 9, what is 25347 + -322?
25025
In base 9, what is 4 - -108430110?
108430114
In base 4, what is -10 - 310001201022?
-310001201032
In base 8, what is 26432 - -55246?
103700
In base 13, what is -5230 - -361?
-4b9c
In base 8, what is 1 + 3665716?
3665717
In base 15, what is 115 + 1aa61?
1ab76
In base 11, what is -15043886 - -1?
-15043885
In base 5, what is 131 + -4334311230?
-4334311044
In base 4, what is -1200331 - -31112?
-1103213
In base 3, what is -1020 - 2000000000?
-2000001020
In base 2, what is -110011101001101010110 + 1011?
-110011101001101001011
In base 3, what is -1021220 - 111210101012?
-111211200002
In base 5, what is 1 + 401430221?
401430222
In base 6, what is -5 - -131255533?
131255524
In base 7, what is -16544 + 32522?
12645
In base 14, what is -7 - -1bb763?
1bb75a
In base 4, what is -13111 - 123101301?
-123121012
In base 4, what is -123321213 + 1021212?
-122300001
In base 15, what is 8b34 + 6?
8b3a
In base 15, what is -3 - -8ec82?
8ec7e
In base 15, what is -4 - a499a3?
-a499a7
In base 11, what is -6383069 + -17?
-6383085
In base 16, what is -10b4b8ca - 3?
-10b4b8cd
In base 3, what is 2222221111 - -2210210?
10002202021
In base 10, what is 4 - -84621654?
84621658
In base 13, what is 16c33bca5 - 5?
16c33bca0
In base 15, what is 3d14 - 36b?
3998
In base 5, what is 2040341 - 2230?
2033111
In base 4, what is 112332011300 - -1?
112332011301
In base 13, what is -4 + -b5b7b7?
-b5b7bb
In base 4, what is -1320023233 + -21221?
-1320111120
In base 12, what is 185aa - 3b70?
1463a
In base 10, what is 889091 + 1?
889092
In base 3, what is -12 + 1000122022211?
1000122022122
In base 10, what is -1 + -282597?
-282598
In base 11, what is 93916 + -15?
93901
In base 9, what is 264106 + 37?
264144
In base 12, what is 26b75a + -10a1?
26a679
In base 4, what is -11201212002012 - 0?
-11201212002012
In base 15, what is -4a590 + -999?
-4b039
In base 12, what is 70 - 22b08?
-22a58
In base 7, what is 324251034 - -3?
324251040
In base 10, what is -2609654 - 1?
-2609655
In base 11, what is -4132 + 2854?
-1389
In base 9, what is 336512 - -114?
336626
In base 3, what is 10 - -1022122200012010?
1022122200012020
In base 6, what is 524122043 - 20?
524122023
In base 8, what is -3 + 13560131?
13560126
In base 15, what is -299 + -348?
-5e2
In base 12, what is -1473 - -2b65?
16b2
In base 8, what is 4630 - -47633?
54463
In base 14, what is -83ad961 + 2?
-83ad95d
In base 2, what is 10000101001 - 100111011111001100?
-100111001110100011
In base 10, what is 2 - -1424263?
1424265
In base 4, what is 211312311313203 - -10?
211312311313213
In base 16, what is dfaf - -a1?
e050
In base 2, what is 10010000001111000111111 - 1011101?
10010000001110111100010
In base 5, what is -34434 - -1211312?
1121323
In base 10, what is -364 - 4846?
-5210
In base 4, what is -212 - -31202123100?
31202122222
In base 8, what is 133636541 - -5?
133636546
In base 12, what is -23735b28 - -4?
-23735b24
In base 8, what is 1054100 + -4060?
1050020
In base 11, what is -146998a - 237?
-146a116
In base 2, what is 111111011 + 1001100100000000?
1001101011111011
In base 5, what is 1444 - -2100411?
2102410
In base 9, what is -6 + -15233633?
-15233640
In base 13, what is 3805a5 + -7?
38059b
In base 2, what is 10111001101110000001 - -110?
10111001101110000111
In base 9, what is -10630 + 680?
-8840
In base 9, what is 32308565 + -62?
32308503
In base 16, what is e919d13 + -4?
e919d0f
In base 7, what is 116144650 - 0?
116144650
In base 2, what is 100 + -1010011100001000101100101?
-1010011100001000101100001
In base 16, what is -863116 - 4?
-86311a
In base 13, what is -226593 + 17?
-226579
In base 7, what is 13 - -4461043?
4461056
In base 3, what is 12120002212 - -100002?
12120102221
In base 7, what is -1 - 1521652165?
-1521652166
In base 12, what is 4 - -32a1198b?
32a11993
In base 11, what is -1 + -23964651?
-23964652
In base 8, what is -176660 - 23127?
-222007
In base 13, what is -4 - -704a5a?
704a56
In base 6, what is 41401501 - -24?
41401525
In base 5, what is 342441141 + -10042?
342431044
In base 4, what is 2313303323231 + -1?
2313303323230
In base 2, what is 10101111000 + 1111110001101?
10010100000101
In base 10, what is 1310 - -7861?
9171
In base 16, what is -fb9f - -47?
-fb58
In base 15, what is -41772 + 2e?
-41743
In base 3, what is 10201212112001122 + -12?
10201212112001110
In base 4, what is -112030200 + 1322031?
-110102103
In base 10, what is -108846 + 97?
-108749
In base 6, what is 141 - 201334135?
-201333554
In base 5, what is 424 + 14444232?
20000211
In base 14, what is -76ba792 - 0?
-76ba792
In base 10, what is -62936 - 3081?
-66017
In base 8, what is -2 + -21523045?
-21523047
In base 8, what is 2322006 + -116?
2321670
In base 14, what is -51c - 2ab8a?
-2b2a8
In base 16, what is -a1 - f53?
-ff4
In base 8, what is -65025 - -132?
-64673
In base 5, what is -40 + 10431333?
10431243
In base 13, what is -4 - 73068?
-7306c
In base 12, what is 17b930a0 - -17?
17b930b7
In base 7, what is -5006114 - 35?
-5006152
In base 5, what is -20431341314 - -3?
-20431341311
In base 10, what is -10917318 - 3?
-10917321
In base 9, what is 250848 + 112?
251061
In base 11, what is 24 - -182798?
182811
In base 4, what is 12102 + -100231102?
-100213000
In base 10, what is -35260462 + 2?
-35260460
In base 15, what is 232 + -33e8e?
-33c5c
In base 3, what is -112102122022202 + 100?
-112102122022102
In base 9, what is 134 + 483?
627
In base 7, what is 13334162 + -13?
13334146
In base 9, what is 5114 + 311486?
316611
In base 12, what is -8 + -13132a1?
-13132a9
In base 9, what is 7 - -578785?
578803
In base 2, what is 11 - 101101011011111101011?
-101101011011111101000
In base 12, what is 1 + -221b38?
-221b37
In base 12, what is 2a1b095a - 1?
2a1b0959
In base 9, what is -61458158 + 3?
-61458155
In base 13, what is -9a + 147980?
1478b3
In base 9, what is -24665847 + 3?
-24665844
In base 16, what is -24f3 + -39c?
-288f
In base 4, what is 3133 - 122200?
-113001
In base 14, what is -12a5199 - 2?
-12a519b
In base 16, what is -1171a + -4ff1?
-1670b
In base 10, what is -6842225 - -3?
-6842222
In base 12, what is -400923 + -36?
-400959
In base 11, what is -381 + -3993?
-4264
In base 8, what is -6372 - 4730?
-13322
In base 12, what is -3 - 387512?
-387515
In base 7, what is 25 + -1536513?
-1536455
In base 14, what is -14520 - -11b?
-14403
In base 7, what is -3300 - 12111?
-15411
In base 11, what is -350732 + 5?
-350728
In base 10, what is 6 + 2244083?
2244089
In base 3, what is -10 - 12102100100121121?
-12102100100121201
In base 10, what is 189 - -13352?
13541
In base 7, what is -523431610 + 11?
-523431566
In base 12, what is 89593b12 - 2?
89593b10
In base 11, what is 17a363a - -1?
17a3640
In base 8, what is -5 + 70324655?
70324650
In base 12, what is -34 + -18b574?
-18b5a8
In base 9, what is -1640 + 6772?
5132
In base 13, what is c3bcc312 + 5?
c3bcc317
In base 6, what is -220 + -300220145?
-300220405
In base 13, what is 52 + 887195?
887217
In base 11, what is -6 - -12a97491?
12a97486
In base 10, what is 12054 + 1647?
13701
In base 8, what is 31650 + -3016?
26632
In base 10, what is 4 - 73561430?
-73561426
In base 2, what is -110 - 111110101000011111101000?
-111110101000011111101110
In base 10, what is 5 - 35036840?
-35036835
In base 15, what is -321 + -23e6?
-2717
In base 16, what is -327bea + -5?
-327bef
In base 13, what is aca146 + -12?
aca134
In base 16, what is -d1983 + 2?
-d1981
In base 6, what is 112520304423 - 0?
112520304423
In base 2, what is 111001010101100111010011010010 - 1?
111001010101100111010011010001
In base 11, what is -1465 + 646?
-91a
In base 16, what is 2e + -3c6d?
-3c3f
In base 15, what is -4b9c6 + 8b7?
-4b10e
In base 16, what is -13e6 - -256?
-1190
In base 9, what is 63 - -25614544?
25614617
In base 11, what is 9854 + -3a99?
5866
In base 11, what is -2 + -8343a06?
-8343a08
In base 15, what is 3cc89 + 2d6?
3d070
In base 5, what is -2143433023 - 4?
-2143433032
In base 10, what is -4 - -7224036?
7224032
In base 2, what is 1111001011000100111011111 + 1?
1111001011000100111100000
In base 14, what is 31ad - 58c?
2a21
In base 13, what is -54 - -818bb3?
818b5c
In base 8, what is 534545